{"id":80313,"date":"2025-08-25T07:04:58","date_gmt":"2025-08-25T07:04:58","guid":{"rendered":"https:\/\/www.rigasacappellafestivals.lv\/?page_id=80313"},"modified":"2025-11-03T13:34:12","modified_gmt":"2025-11-03T13:34:12","slug":"biletes-voces8","status":"publish","type":"page","link":"https:\/\/www.rigasacappellafestivals.lv\/en\/biletes-voces8\/","title":{"rendered":"Bi\u013cetes VOCES8"},"content":{"rendered":"<div class=\"wpb-content-wrapper\"><div data-parent=\"true\" class=\"vc_row style-color-xsdn-bg row-container with-parallax onepage-section mobile-hidden\" data-label=\"The Swingles\" data-name=\"the-swingles\" id=\"row-unique-0\"><div class=\"row-background background-element\">\n\t\t\t\t\t\t\t\t\t\t\t<div class=\"background-wrapper\">\n\t\t\t\t\t\t\t\t\t\t\t\t<div class=\"background-inner\" style=\"background-image: url(https:\/\/www.rigasacappellafestivals.lv\/wp-content\/uploads\/2024\/12\/VOCES8-2-credit-Andy-Staples-2048x1368-1.jpg);background-repeat: no-repeat;background-position: center center;background-size: cover;\"><\/div>\n\t\t\t\t\t\t\t\t\t\t\t\t<div class=\"block-bg-overlay style-overlay_color-104026-bg\" style=\"opacity: 0.7;\"><\/div>\n\t\t\t\t\t\t\t\t\t\t\t<\/div>\n\t\t\t\t\t\t\t\t\t\t<\/div><div class=\"row unequal col-no-gutter no-top-padding no-bottom-padding no-h-padding full-width row-parent\" data-height-ratio=\"60\" data-minheight=\"400\"><div class=\"wpb_row row-inner\"><div class=\"wpb_column pos-bottom pos-center align_left column_parent col-lg-6 half-internal-gutter\"><div class=\"uncol style-dark animate_when_almost_visible bottom-t-top\"  data-delay=\"400\"><div class=\"uncoltable\"><div class=\"uncell quad-block-padding\" ><div class=\"uncont\" style=\" max-width:420px;\" ><div class=\"vc_custom_heading_wrap\"><div class=\"heading-text el-text\" ><h5 class=\"font-377884 h2 fontheight-357766 font-weight-400 text-uppercase\" ><span><strong>12. 11. 2025.<\/strong><br \/><\/span><span>19. 00<\/span><\/h5><\/div><div class=\"clear\"><\/div><\/div><div class=\"empty-space empty-single\" ><span class=\"empty-space-inner\"><\/span><\/div>\n<div class=\"vc_custom_heading_wrap\"><div class=\"heading-text el-text\" ><h2 class=\"font-156269 fontsize-338686 font-weight-600 text-uppercase\" ><span>VOCES8<\/span><\/h2><\/div><div class=\"clear\"><\/div><\/div><div class=\"divider-wrapper\"  >\n    <hr class=\"border-color-wvjs-color separator-no-padding\"  style=\"width: 100%;border-top-width: 1px;\" \/>\n<\/div>\n<div class=\"vc_custom_heading_wrap\"><div class=\"heading-text el-text\" ><h5 class=\"font-377884 h2 fontheight-357766 font-weight-600\" ><span>VOCES8: TWENTY!<\/span><\/h5><div class=\"text-lead text-top-reduced\"><p>VOCES8 is one of the world's greatest ensembles and has won wide acclaim around the world for its impeccable sound. VOCES8 will present a unique concert celebrating its 20th anniversary in a programme specially created for the festival.<\/p>\n<\/div><\/div><div class=\"clear\"><\/div><\/div><div class=\"empty-space empty-single\" ><span class=\"empty-space-inner\"><\/span><\/div>\n<div class=\"vc_custom_heading_wrap\"><div class=\"heading-text el-text\" ><h5 class=\"font-377884 h5 font-weight-400 text-uppercase\" ><span>Small Guild<\/span><\/h5><\/div><div class=\"clear\"><\/div><\/div><\/div><\/div><\/div><\/div><\/div><div class=\"wpb_column pos-middle pos-center align_right column_parent col-lg-6 single-internal-gutter\"><div class=\"uncol style-light\"  ><div class=\"uncoltable\"><div class=\"uncell no-block-padding\" ><div class=\"uncont\" ><\/div><\/div><\/div><\/div><\/div><script id=\"script-row-unique-0\" data-row=\"script-row-unique-0\" type=\"text\/javascript\" class=\"vc_controls\">UNCODE.initRow(document.getElementById(\"row-unique-0\"));<\/script><\/div><\/div><\/div><div data-parent=\"true\" class=\"vc_row row-container\" id=\"row-unique-1\"><div class=\"row limit-width row-parent\"><div class=\"wpb_row row-inner\"><div class=\"wpb_column pos-top pos-center align_left column_parent col-lg-12 single-internal-gutter\"><div class=\"uncol style-light\"  ><div class=\"uncoltable\"><div class=\"uncell no-block-padding\" ><div class=\"uncont\" >\n\t<div class=\"wpb_raw_code wpb_raw_html\" >\n\t\t<div class=\"wpb_wrapper\">\n\t\t\t<script src=\"https:\/\/store.bilesuserviss.lv\/public\/widgetApi\/v2\/sdk.min.js?id=21980\"><\/script>\n<div data-widget-id=\"21980\" data-widgetautoload=\"true\" data-lang=\"lat\"><\/div>\n\n\t\t<\/div>\n\t<\/div>\n<\/div><\/div><\/div><\/div><\/div><script id=\"script-row-unique-1\" data-row=\"script-row-unique-1\" type=\"text\/javascript\" class=\"vc_controls\">UNCODE.initRow(document.getElementById(\"row-unique-1\"));<\/script><\/div><\/div><\/div>\n<\/div>","protected":false},"excerpt":{"rendered":"12. 11. 2025.19. 00 VOCES8 VOCES8: TWENTY!VOCES8 ir viens no pasaules izcil\u0101kajiem ansamb\u013ciem un ar savu nevainojamo skan\u0113jumu iemantojis pla\u0161u [...]","protected":false},"author":1,"featured_media":0,"parent":0,"menu_order":0,"comment_status":"closed","ping_status":"closed","template":"","meta":{"_monsterinsights_skip_tracking":false,"_monsterinsights_sitenote_active":false,"_monsterinsights_sitenote_note":"","_monsterinsights_sitenote_category":0,"_uf_show_specific_survey":0,"_uf_disable_surveys":false,"footnotes":""},"class_list":["post-80313","page","type-page","status-publish","hentry"],"yoast_head":"<!-- This site is optimized with the Yoast SEO plugin v26.2 - https:\/\/yoast.com\/wordpress\/plugins\/seo\/ -->\n<title>Bi\u013cetes VOCES8 -<\/title>\n<meta name=\"robots\" content=\"index, follow, max-snippet:-1, max-image-preview:large, max-video-preview:-1\" \/>\n<link rel=\"canonical\" href=\"https:\/\/www.rigasacappellafestivals.lv\/en\/biletes-voces8\/\" \/>\n<meta property=\"og:locale\" content=\"en_US\" \/>\n<meta property=\"og:type\" content=\"article\" \/>\n<meta property=\"og:title\" content=\"Bi\u013cetes VOCES8 -\" \/>\n<meta property=\"og:url\" content=\"https:\/\/www.rigasacappellafestivals.lv\/en\/biletes-voces8\/\" \/>\n<meta property=\"article:publisher\" content=\"https:\/\/www.facebook.com\/acappellariga\" \/>\n<meta property=\"article:modified_time\" content=\"2025-11-03T13:34:12+00:00\" \/>\n<meta name=\"twitter:card\" content=\"summary_large_image\" \/>\n<meta name=\"twitter:site\" content=\"@acappellariga\" \/>\n<meta name=\"twitter:label1\" content=\"Est. reading time\" \/>\n\t<meta name=\"twitter:data1\" content=\"1 minute\" \/>\n<script type=\"application\/ld+json\" class=\"yoast-schema-graph\">{\"@context\":\"https:\/\/schema.org\",\"@graph\":[{\"@type\":\"WebPage\",\"@id\":\"https:\/\/www.rigasacappellafestivals.lv\/biletes-voces8\/\",\"url\":\"https:\/\/www.rigasacappellafestivals.lv\/biletes-voces8\/\",\"name\":\"Bi\u013cetes VOCES8 -\",\"isPartOf\":{\"@id\":\"https:\/\/www.rigasacappellafestivals.lv\/#website\"},\"datePublished\":\"2025-08-25T07:04:58+00:00\",\"dateModified\":\"2025-11-03T13:34:12+00:00\",\"breadcrumb\":{\"@id\":\"https:\/\/www.rigasacappellafestivals.lv\/biletes-voces8\/#breadcrumb\"},\"inLanguage\":\"en-US\",\"potentialAction\":[{\"@type\":\"ReadAction\",\"target\":[\"https:\/\/www.rigasacappellafestivals.lv\/biletes-voces8\/\"]}]},{\"@type\":\"BreadcrumbList\",\"@id\":\"https:\/\/www.rigasacappellafestivals.lv\/biletes-voces8\/#breadcrumb\",\"itemListElement\":[{\"@type\":\"ListItem\",\"position\":1,\"name\":\"Home\",\"item\":\"https:\/\/www.rigasacappellafestivals.lv\/\"},{\"@type\":\"ListItem\",\"position\":2,\"name\":\"Bi\u013cetes VOCES8\"}]},{\"@type\":\"WebSite\",\"@id\":\"https:\/\/www.rigasacappellafestivals.lv\/#website\",\"url\":\"https:\/\/www.rigasacappellafestivals.lv\/\",\"name\":\"R\u012bgas A Cappella festiv\u0101ls\",\"description\":\"\",\"publisher\":{\"@id\":\"https:\/\/www.rigasacappellafestivals.lv\/#organization\"},\"potentialAction\":[{\"@type\":\"SearchAction\",\"target\":{\"@type\":\"EntryPoint\",\"urlTemplate\":\"https:\/\/www.rigasacappellafestivals.lv\/?s={search_term_string}\"},\"query-input\":{\"@type\":\"PropertyValueSpecification\",\"valueRequired\":true,\"valueName\":\"search_term_string\"}}],\"inLanguage\":\"en-US\"},{\"@type\":\"Organization\",\"@id\":\"https:\/\/www.rigasacappellafestivals.lv\/#organization\",\"name\":\"R\u012bgas A Cappella festiv\u0101ls\",\"url\":\"https:\/\/www.rigasacappellafestivals.lv\/\",\"logo\":{\"@type\":\"ImageObject\",\"inLanguage\":\"en-US\",\"@id\":\"https:\/\/www.rigasacappellafestivals.lv\/#\/schema\/logo\/image\/\",\"url\":\"https:\/\/www.rigasacappellafestivals.lv\/wp-content\/uploads\/2018\/11\/cropped-black_1-01.png\",\"contentUrl\":\"https:\/\/www.rigasacappellafestivals.lv\/wp-content\/uploads\/2018\/11\/cropped-black_1-01.png\",\"width\":512,\"height\":512,\"caption\":\"R\u012bgas A Cappella festiv\u0101ls\"},\"image\":{\"@id\":\"https:\/\/www.rigasacappellafestivals.lv\/#\/schema\/logo\/image\/\"},\"sameAs\":[\"https:\/\/www.facebook.com\/acappellariga\",\"https:\/\/x.com\/acappellariga\",\"https:\/\/www.instagram.com\/rigasacappellafestivals\/\"]}]}<\/script>\n<!-- \/ Yoast SEO plugin. -->","yoast_head_json":{"title":"Bi\u013cetes VOCES8 -","robots":{"index":"index","follow":"follow","max-snippet":"max-snippet:-1","max-image-preview":"max-image-preview:large","max-video-preview":"max-video-preview:-1"},"canonical":"https:\/\/www.rigasacappellafestivals.lv\/en\/biletes-voces8\/","og_locale":"en_US","og_type":"article","og_title":"Bi\u013cetes VOCES8 -","og_url":"https:\/\/www.rigasacappellafestivals.lv\/en\/biletes-voces8\/","article_publisher":"https:\/\/www.facebook.com\/acappellariga","article_modified_time":"2025-11-03T13:34:12+00:00","twitter_card":"summary_large_image","twitter_site":"@acappellariga","twitter_misc":{"Est. reading time":"1 minute"},"schema":{"@context":"https:\/\/schema.org","@graph":[{"@type":"WebPage","@id":"https:\/\/www.rigasacappellafestivals.lv\/biletes-voces8\/","url":"https:\/\/www.rigasacappellafestivals.lv\/biletes-voces8\/","name":"Bi\u013cetes VOCES8 -","isPartOf":{"@id":"https:\/\/www.rigasacappellafestivals.lv\/#website"},"datePublished":"2025-08-25T07:04:58+00:00","dateModified":"2025-11-03T13:34:12+00:00","breadcrumb":{"@id":"https:\/\/www.rigasacappellafestivals.lv\/biletes-voces8\/#breadcrumb"},"inLanguage":"en-US","potentialAction":[{"@type":"ReadAction","target":["https:\/\/www.rigasacappellafestivals.lv\/biletes-voces8\/"]}]},{"@type":"BreadcrumbList","@id":"https:\/\/www.rigasacappellafestivals.lv\/biletes-voces8\/#breadcrumb","itemListElement":[{"@type":"ListItem","position":1,"name":"Home","item":"https:\/\/www.rigasacappellafestivals.lv\/"},{"@type":"ListItem","position":2,"name":"Bi\u013cetes VOCES8"}]},{"@type":"WebSite","@id":"https:\/\/www.rigasacappellafestivals.lv\/#website","url":"https:\/\/www.rigasacappellafestivals.lv\/","name":"R\u012bgas A Cappella festiv\u0101ls","description":"","publisher":{"@id":"https:\/\/www.rigasacappellafestivals.lv\/#organization"},"potentialAction":[{"@type":"SearchAction","target":{"@type":"EntryPoint","urlTemplate":"https:\/\/www.rigasacappellafestivals.lv\/?s={search_term_string}"},"query-input":{"@type":"PropertyValueSpecification","valueRequired":true,"valueName":"search_term_string"}}],"inLanguage":"en-US"},{"@type":"Organization","@id":"https:\/\/www.rigasacappellafestivals.lv\/#organization","name":"R\u012bgas A Cappella festiv\u0101ls","url":"https:\/\/www.rigasacappellafestivals.lv\/","logo":{"@type":"ImageObject","inLanguage":"en-US","@id":"https:\/\/www.rigasacappellafestivals.lv\/#\/schema\/logo\/image\/","url":"https:\/\/www.rigasacappellafestivals.lv\/wp-content\/uploads\/2018\/11\/cropped-black_1-01.png","contentUrl":"https:\/\/www.rigasacappellafestivals.lv\/wp-content\/uploads\/2018\/11\/cropped-black_1-01.png","width":512,"height":512,"caption":"R\u012bgas A Cappella festiv\u0101ls"},"image":{"@id":"https:\/\/www.rigasacappellafestivals.lv\/#\/schema\/logo\/image\/"},"sameAs":["https:\/\/www.facebook.com\/acappellariga","https:\/\/x.com\/acappellariga","https:\/\/www.instagram.com\/rigasacappellafestivals\/"]}]}},"_links":{"self":[{"href":"https:\/\/www.rigasacappellafestivals.lv\/en\/wp-json\/wp\/v2\/pages\/80313","targetHints":{"allow":["GET"]}}],"collection":[{"href":"https:\/\/www.rigasacappellafestivals.lv\/en\/wp-json\/wp\/v2\/pages"}],"about":[{"href":"https:\/\/www.rigasacappellafestivals.lv\/en\/wp-json\/wp\/v2\/types\/page"}],"author":[{"embeddable":true,"href":"https:\/\/www.rigasacappellafestivals.lv\/en\/wp-json\/wp\/v2\/users\/1"}],"replies":[{"embeddable":true,"href":"https:\/\/www.rigasacappellafestivals.lv\/en\/wp-json\/wp\/v2\/comments?post=80313"}],"version-history":[{"count":17,"href":"https:\/\/www.rigasacappellafestivals.lv\/en\/wp-json\/wp\/v2\/pages\/80313\/revisions"}],"predecessor-version":[{"id":80464,"href":"https:\/\/www.rigasacappellafestivals.lv\/en\/wp-json\/wp\/v2\/pages\/80313\/revisions\/80464"}],"wp:attachment":[{"href":"https:\/\/www.rigasacappellafestivals.lv\/en\/wp-json\/wp\/v2\/media?parent=80313"}],"curies":[{"name":"wp","href":"https:\/\/api.w.org\/{rel}","templated":true}]}}

Biļetes VOCES8

12. 11. 2025.19. 00 VOCES8 VOCES8: TWENTY!VOCES8 ir viens no pasaules izcilākajiem ansambļiem un ar savu nevainojamo skanējumu iemantojis plašu [...]

<!-- This site is optimized with the Yoast SEO plugin v26.2 - https://yoast.com/wordpress/plugins/seo/ -->
<title>Biļetes VOCES8 -</title>
<meta name="robots" content="index, follow, max-snippet:-1, max-image-preview:large, max-video-preview:-1" />
<link rel="canonical" href="https://www.rigasacappellafestivals.lv/en/biletes-voces8/" />
<meta property="og:locale" content="en_US" />
<meta property="og:type" content="article" />
<meta property="og:title" content="Biļetes VOCES8 -" />
<meta property="og:url" content="https://www.rigasacappellafestivals.lv/en/biletes-voces8/" />
<meta property="article:publisher" content="https://www.facebook.com/acappellariga" />
<meta property="article:modified_time" content="2025-11-03T13:34:12+00:00" />
<meta name="twitter:card" content="summary_large_image" />
<meta name="twitter:site" content="@acappellariga" />
<meta name="twitter:label1" content="Est. reading time" />
	<meta name="twitter:data1" content="1 minute" />
<script type="application/ld+json" class="yoast-schema-graph">{"@context":"https://schema.org","@graph":[{"@type":"WebPage","@id":"https://www.rigasacappellafestivals.lv/biletes-voces8/","url":"https://www.rigasacappellafestivals.lv/biletes-voces8/","name":"Biļetes VOCES8 -","isPartOf":{"@id":"https://www.rigasacappellafestivals.lv/#website"},"datePublished":"2025-08-25T07:04:58+00:00","dateModified":"2025-11-03T13:34:12+00:00","breadcrumb":{"@id":"https://www.rigasacappellafestivals.lv/biletes-voces8/#breadcrumb"},"inLanguage":"en-US","potentialAction":[{"@type":"ReadAction","target":["https://www.rigasacappellafestivals.lv/biletes-voces8/"]}]},{"@type":"BreadcrumbList","@id":"https://www.rigasacappellafestivals.lv/biletes-voces8/#breadcrumb","itemListElement":[{"@type":"ListItem","position":1,"name":"Home","item":"https://www.rigasacappellafestivals.lv/"},{"@type":"ListItem","position":2,"name":"Biļetes VOCES8"}]},{"@type":"WebSite","@id":"https://www.rigasacappellafestivals.lv/#website","url":"https://www.rigasacappellafestivals.lv/","name":"Rīgas A Cappella festivāls","description":"","publisher":{"@id":"https://www.rigasacappellafestivals.lv/#organization"},"potentialAction":[{"@type":"SearchAction","target":{"@type":"EntryPoint","urlTemplate":"https://www.rigasacappellafestivals.lv/?s={search_term_string}"},"query-input":{"@type":"PropertyValueSpecification","valueRequired":true,"valueName":"search_term_string"}}],"inLanguage":"en-US"},{"@type":"Organization","@id":"https://www.rigasacappellafestivals.lv/#organization","name":"Rīgas A Cappella festivāls","url":"https://www.rigasacappellafestivals.lv/","logo":{"@type":"ImageObject","inLanguage":"en-US","@id":"https://www.rigasacappellafestivals.lv/#/schema/logo/image/","url":"https://www.rigasacappellafestivals.lv/wp-content/uploads/2018/11/cropped-black_1-01.png","contentUrl":"https://www.rigasacappellafestivals.lv/wp-content/uploads/2018/11/cropped-black_1-01.png","width":512,"height":512,"caption":"Rīgas A Cappella festivāls"},"image":{"@id":"https://www.rigasacappellafestivals.lv/#/schema/logo/image/"},"sameAs":["https://www.facebook.com/acappellariga","https://x.com/acappellariga","https://www.instagram.com/rigasacappellafestivals/"]}]}</script>
<!-- / Yoast SEO plugin. -->

Biļetes VOCES8 -

Rīgas A Cappella festivāls
